hat is the remainder when 9300 is divided by 228?
180
What is the remainder when 8003 is divided by 91?
86
What is the remainder when 3812 is divided by 422?
14
What is the remainder when 40507 is divided by 25?
7
What is the remainder when 49414 is divided by 76?
14
What is the remainder when 18840 is divided by 509?
7
Calculate the remainder when 21111 is divided by 29.
28
Calculate the remainder when 242658 is divided by 39.
0
Calculate the remainder when 72785 is divided by 7.
6
What is the remainder when 1693 is divided by 407?
65
What is the remainder when 140234 is divided by 82?
14
Calculate the remainder when 715022 is divided by 267.
263
What is the remainder when 17389 is divided by 543?
13
Calculate the remainder when 4353697 is divided by 343.
341
What is the remainder when 375604 is divided by 14?
12
What is the remainder when 284756 is divided by 84?
80
What is the remainder when 9741 is divided by 19?
13
What is the remainder when 2417 is divided by 225?
167
Calculate the remainder when 1124152 is divided by 342.
340
Calculate the remainder when 13478 is divided by 434.
24
What is the remainder when 154 is divided by 10?
4
Calculate the remainder when 21545 is divided by 70.
55
What is the remainder when 1708 is divided by 126?
70
What is the remainder when 2302 is divided by 764?
10
What is the remainder when 3342 is divided by 10?
2
Calculate the remainder when 3260 is divided by 125.
10
Calculate the remainder when 13148 is divided by 469.
16
What is the remainder when 422629 is divided by 33?
31
What is the remainder when 2668 is divided by 846?
130
Calculate the remainder when 24941 is divided by 54.
47
Calculate the remainder when 24241 is divided by 209.
206
What is the remainder when 46141 is divided by 193?
14
What is the remainder when 6441 is divided by 1728?
1257
What is the remainder when 604665 is divided by 151164?
9
What is the remainder when 870154 is divided by 18916?
18
What is the remainder when 12871 is divided by 1598?
87
What is the remainder when 1414 is divided by 460?
34
What is the remainder when 122283 is divided by 476?
427
Calculate the remainder when 123643 is divided by 8.
3
Calculate the remainder when 187 is divided by 145.
42
What is the remainder when 11577 is divided by 639?
75
Calculate the remainder when 117133 is divided by 224.
205
What is the remainder when 6546 is divided by 38?
10
Calculate the remainder when 1074 is divided by 873.
201
Calculate the remainder when 29737 is divided by 128.
41
Calculate the remainder when 1506 is divided by 110.
76
What is the remainder when 8334 is divided by 73?
12
Calculate the remainder when 2786 is divided by 692.
18
What is the remainder when 10068 is divided by 1255?
28
Calculate the remainder when 10798 is divided by 686.
508
Calculate the remainder when 107379 is divided by 1732.
1727
Calculate the remainder when 448206 is divided by 1028.
1026
What is the remainder when 17903 is divided by 2068?
1359
Calculate the remainder when 8922 is divided by 2971.
9
What is the remainder when 23621 is divided by 4721?
16
What is the remainder when 7995 is divided by 52?
39
What is the remainder when 8185 is divided by 1634?
15
Calculate the remainder when 11344 is divided by 1260.
4
What is the remainder when 19211 is divided by 6403?
2
What is the remainder when 16870 is divided by 713?
471
What is the remainder when 29673 is divided by 38?
33
What is the remainder when 22230 is divided by 327?
321
What is the remainder when 18998 is divided by 18778?
220
Calculate the remainder when 5780 is divided by 1914.
38
Calculate the remainder when 14088 is divided by 27.
21
What is the remainder when 14728 is divided by 7128?
472
What is the remainder when 14312 is divided by 2375?
62
What is the remainder when 855 is divided by 658?
197
Calculate the remainder when 4036 is divided by 971.
152
Calculate the remainder when 24868 is divided by 296.
4
What is the remainder when 1270 is divided by 308?
38
What is the remainder when 7166 is divided by 2095?
881
Calculate the remainder when 10925 is divided by 3639.
8
Calculate the remainder when 13135 is divided by 337.
329
What is the remainder when 174190 is divided by 441?
436
Calculate the remainder when 74552 is divided by 163.
61
Calculate the remainder when 2461 is divided by 206.
195
Calculate the remainder when 1477 is divided by 878.
599
What is the remainder when 385721 is divided by 925?
921
What is the remainder when 6065 is divided by 692?
529
What is the remainder when 472011 is divided by 29?
7
Calculate the remainder when 46042 is divided by 461.
403
Calculate the remainder when 36340 is divided by 64.
52
Calculate the remainder when 731537 is divided by 9.
8
Calculate the remainder when 6641 is divided by 25.
16
Calculate the remainder when 6149 is divided by 87.
59
What is the remainder when 328640 is divided by 459?
455
What is the remainder when 21205 is divided by 156?
145
Calculate the remainder when 18729 is divided by 143.
139
What is the remainder when 14062 is divided by 63?
13
What is the remainder when 283883 is divided by 29?
2
Calculate the remainder when 3506 is divided by 247.
48
Calculate the remainder when 36269 is divided by 186.
185
What is the remainder when 2706 is divided by 2706?
0
What is the remainder when 194218 is divided by 585?
583
What is the remainder when 41461 is divided by 703?
687
Calculate the remainder when 9353 is divided by 940.
893
Calculate the remainder when 639 is divided by 628.
11
Calculate the remainder when 18102 is divided by 51.
48
Calculate the remainder when 12785 is divided by 811.
620
Calculate the remainder when 14018 is divided by 522.
446
Calculate the remainder when 106580 is divided by 662.
660
Calculate the remainder when 10884 is divided by 1966.
1054
What is the remainder when 12979 is divided by 61?
47
What is the remainder when 443007 is divided by 54?
45
What is the remainder when 6885 is divided by 16?
5
Calculate the remainder when 84583 is divided by 3128.
127
Calculate the remainder when 32571 is divided by 10830.
81
Calculate the remainder when 724982 is divided by 181243.
10
What is the remainder when 30081 is divided by 13?
12
Calculate the remainder when 71880 is divided by 254.
252
Calculate the remainder when 121245 is divided by 12118.
65
Calculate the remainder when 6069 is divided by 92.
89
Calculate the remainder when 2248 is divided by 462.
400
Calculate the remainder when 12328 is divided by 78.
4
What is the remainder when 3867 is divided by 64?
27
Calculate the remainder when 668 is divided by 45.
38
What is the remainder when 3235 is divided by 916?
487
Calculate the remainder when 33403 is divided by 9.
4
What is the remainder when 76151 is divided by 301?
299
What is the remainder when 155495 is divided by 228?
227
Calculate the remainder when 8476 is divided by 229.
3
Calculate the remainder when 2279 is divided by 1136.
7
What is the remainder when 20246 is divided by 519?
5
Calculate the remainder when 8966 is divided by 1263.
125
What is the remainder when 9067 is divided by 10?
7
Calculate the remainder when 74978 is divided by 206.
200
Calculate the remainder when 1190 is divided by 136.
102
What is the remainder when 2994 is divided by 747?
6
Calculate the remainder when 10333 is divided by 40.
13
Calculate the remainder when 887 is divided by 272.
71
What is the remainder when 71446 is divided by 5103?
4
What is the remainder when 2024 is divided by 758?
508
What is the remainder when 17524 is divided by 2688?
1396
Calculate the remainder when 43087 is divided by 81.
76
What is the remainder when 11543 is divided by 177?
38
What is the remainder when 12514 is divided by 4127?
133
Calculate the remainder when 5914 is divided by 1881.
271
Calculate the remainder when 156884 is divided by 14258.
46
What is the remainder when 41932 is divided by 53?
9
Calculate the remainder when 163324 is divided by 726.
700
Calculate the remainder when 824 is divided by 183.
92
Calculate the remainder when 138983 is divided by 66.
53
What is the remainder when 9507 is divided by 9481?
26
Calculate the remainder when 22446 is divided by 85.
6
Calculate the remainder when 307234 is divided by 462.
4
What is the remainder 